9). Let f = -18 - q. What is the greatest common factor of f and 77?
11
Suppose 2*m + 3*m = n + 325, 0 = n + 3*n. Let a be 275/7 + (-2)/7. What is the highest common divisor of m and a?
13
Suppose 5*d - i - 373 = -2*i, -3*i = -9. Let p(x) = 64*x - 7. Let n be p(3). Calculate the highest common factor of n and d.
37
Suppose -u - 355 = -12*a + 10*a, 5*u = -5*a + 925. Calculate the highest common factor of a and 9.
9
Let t(m) = -2*m - 9. Let k be t(-6). Let p be ((-80)/24)/((-2)/k). Let j be 20 + (-4)/2 + 2. What is the highest common factor of j and p?
5
Let o = 138 + -42. Let t be -1*(-24)/(1 + 1). Calculate the greatest common factor of t and o.
12
Suppose -69*w = -53*w - 160. Calculate the highest common divisor of w and 12.
2
Let q be 3*2/(-30) + 2881/5. Suppose -q = -5*s + 3*s. What is the greatest common divisor of 18 and s?
18
Let x be 2/(-14) + 2/((-28)/(-4622)). What is the highest common divisor of x and 10?
10
Let l(c) = 3*c**2 - 26*c + 66. Let i be l(8). Calculate the highest common divisor of 350 and i.
50
Suppose b = 0, -2*l + 0*l - 4*b - 150 = 0. Let g = l + 127. What is the highest common factor of 65 and g?
13
Suppose 95 = 4*b - 2*m - 71, -3*m + 3 = 0. Let v be 4/10 - 68/(-5). Calculate the greatest common divisor of v and b.
14
Let r be (-2 - 10)/(-6) + 0. Let k be (-6*1)/(r/(-36)). What is the greatest common divisor of k and 12?
12
Let l(f) = 2*f**2 + f. Let j be l(-2). Let d = -5349 + 5463. Calculate the highest common divisor of d and j.
6
Suppose -5*f + 283 = -122. Calculate the greatest common factor of f and 72.
9
Let x = -225 + 231. Let o be (1400/(-6))/((-2)/6). Suppose -x*w + w = -o. What is the greatest common factor of 20 and w?
20
Suppose 0 = 2*w + 3*g + 2*g + 1, 5*w = 5*g + 50. Let d(v) = -v + 16. Let l be d(-5). What is the highest common divisor of w and l?
7
Let z be (-4374)/15 - 4*1/10. Let a be z/(-18) + (-12)/54. Calculate the highest common divisor of a and 8.
8
Let p(h) = 7*h**2 + 2. Let f be p(-2). Let w be (0 - -1)*(2 - 62)/(-3). What is the highest common divisor of f and w?
10
Suppose p - 11 = -9. Suppose -f - 3 - 9 = -4*i, p*i - 16 = 3*f. Calculate the greatest common factor of 1 and i.
1
Let i be (-11323)/156*-8 - 2/(-6). Calculate the greatest common divisor of i and 249.
83
Suppose c - 3 = -11. Let b = c + 16. What is the highest common factor of b and 40?
8
Let v be (-21)/(-9) - (-1)/(-3). Suppose 24 = 2*b - 24. Suppose 2*d - 28 + b = 0. Calculate the highest common divisor of d and v.
2
Suppose -19*i + 14*i = 4*z - 2000, 400 = i - 4*z. Calculate the highest common factor of 25 and i.
25
Let p(d) = 7*d**2 + 3*d - 18. Let t(v) = -20*v**2 - 8*v + 53. Let q(c) = -17*p(c) - 6*t(c). Let o be q(6). Calculate the highest common factor of o and 3.
3
Let m(a) be the third derivative of 1/6*a**3 + 0 - 1/24*a**4 + 8*a**2 + 0*a. Let l be m(-12). Calculate the highest common factor of l and 13.
13
Suppose n - 3*s + 1 = 0, -4*s + 4 = n + 19. Let x be n/2*20/(-35) - -88. What is the highest common divisor of 18 and x?
18
Let l(d) be the second derivative of -d**4/12 + 5*d**3/3 + d**2 + 2*d. Let y be l(10). Let g be -5 + y/1 + 58. What is the greatest common divisor of 5 and g?
5
Let g = 104 - 33. Suppose -75*i + g*i = -156. What is the greatest common factor of i and 26?
13
Let g be (28/12 - 2)/(3/(-45)). Let d be (-14)/70 - 151/g. Suppose -5*m + 83 - 33 = 4*q, -3*q = -m - 28. Calculate the greatest common factor of d and q.
10
Suppose 2250 - 11710 = -43*b. What is the greatest common divisor of 11 and b?
11
Suppose -2*c = -w + 19, 2*c = -11 + 1. What is the highest common factor of 6 and w?
3
Suppose -422 - 170 = 16*h. Let d be 2 - (1 - -269)/2. Let c = h - d. What is the highest common divisor of c and 12?
12
Suppose -68 + 473 = 5*k + 5*q, -3*q = -4*k + 324. Let l be (-18)/k - (-20)/9. Suppose -l*w + 3*w = 40. Calculate the highest common factor of w and 20.
20
Let x = -2568 - -3728. Calculate the highest common divisor of 40 and x.
40
Let o be (0 - 5) + (-4)/((-16)/260). Calculate the greatest common divisor of 75 and o.
15
Let j = 294 - -156. What is the greatest common factor of j and 18?
18
Suppose -2*n - 7 = -1. Let x(w) = 3*w**2 + 2*w. Let o be x(n). Suppose -v + 4*m + 167 = 0, -6*m + m = 2*v - 269. Calculate the highest common factor of o and v.
21
Let n = 1732 - 1603. Calculate the greatest common factor of n and 43.
43
Let u(b) = -b**2 - 21*b - 16. Let o be u(-8). Let i be (o/56 - -1)/(6/28). What is the highest common factor of i and 144?
12
Suppose -h = -d - 95, 0 = -3*h - d - 0*d + 265. Let z(c) = -c**2 - 5 + c - c**2 + 4*c**2. Let q be z(-3). Calculate the greatest common divisor of q and h.
10
Suppose -4*q + 7*q + 4*m = 91, -3*q = -4*m - 107. Suppose -6*f - 178 = -3*t - f, -5*t - 4*f = -346. What is the highest common divisor of q and t?
33
Let r = 203 - 161. Let q(p) = -p**2 + 9*p - 2. Suppose -5*s + 32 = 4*i, 0 = -0*s + s + 4*i. Let m be q(s). Calculate the greatest common divisor of r and m.
6
Let q be -2 - (-120 + (4 - 10 - -10)). Calculate the highest common factor of 30 and q.
6
Suppose -5*j + 4*j - 5*x = -265, 811 = 3*j - x. What is the greatest common divisor of 30 and j?
30
Suppose 2*h + j + 47 = 251, -3*j - 288 = -3*h. What is the greatest common divisor of 80 and h?
20
Suppose 4*b - 353 + 92 = q, 2*q + 330 = 5*b. Calculate the greatest common factor of b and 7.
1
Suppose 31 + 121 = 2*o. Suppose 0 = 8*j - 431 - 513. Suppose 53 = 9*p - j. What is the greatest common divisor of p and o?
19
Let k(b) = 2*b**3 - 31*b**2 - 17*b + 44. Let x be k(16). Let y(f) = -5*f - 7. Let r be y(-7). What is the greatest common divisor of x and r?
28
Let q(i) = 2*i - 10. Let h be q(8). Let c(w) = -w**3 + 1 + 10*w - 11*w**2 + 7 - h. Let r be c(-12). Calculate the highest common divisor of 130 and r.
26
Suppose 90*p = 86*p + 128. Let r(b) = 65*b - 1. Let m be r(1). What is the highest common factor of m and p?
32
Let i = 407 + -395. Calculate the greatest common factor of i and 12.
12
Suppose -2*m - 3*w = -0*w + 17, 2*w + 14 = -2*m. Let j(d) = d**3 + 4*d**2 - 2*d - 6. Let v be j(m). What is the highest common factor of 1 and v?
1
Let b be (1 - -17)/(1/1). Let m(y) = -y**2 + 100*y + 144. Let d be m(100). What is the highest common factor of b and d?
18
Let r(b) be the second derivative of -b**5/20 + b**3/6 + 11*b**2/2 - 7*b. Let i be r(0). What is the highest common divisor of 121 and i?
11
Suppose -346*t + 339*t + 1869 = 0. What is the greatest common factor of t and 3?
3
Let f(h) = 18*h - 350. Let b be f(23). What is the greatest common factor of b and 384?
64
Suppose 86 = x + 71. Calculate the greatest common factor of 75 and x.
15
Let w(t) = t**2 - 5*t + 1. Let r be w(5). Let d be (-17)/(340/(-12))*5. What is the highest common factor of d and r?
1
Let n be (-194)/(-16) + (-47)/376. What is the highest common factor of 15 and n?
3
Suppose 2*t + 45 = -4*d + 1, -5*t - 20 = 0. Let c be (-6)/d*12/8. What is the highest common factor of 2 and c?
1
Let d(g) = -g**3 + g**2 + 43*g - 39. Let h be d(-7). Calculate the highest common divisor of h and 92.
4
Let a be (8/(-28))/((-2)/28). Suppose -5*t - 200 = 4*n, a*n - 7 - 145 = 3*t. Let p = 0 - t. Calculate the highest common divisor of p and 110.
22
Suppose -2*q + 4*o - 5 - 3 = 0, q + 4*o - 8 = 0. Let i(x) = x**3 + x**2 - x + 68. Let k be i(q). What is the greatest common factor of 17 and k?
17
Let i(k) = -28*k. Let j(y) = y + 7. Let r be j(-8). Let p be i(r). Let a = -8 + 15. Calculate the greatest common divisor of p and a.
7
Let l = 29 - -3. Suppose 70 = 3*s - l. What is the highest common factor of 51 and s?
17
Let v = -35 + 54. Suppose 4*k - 9*k - 5*m + 430 = 0, -4*m + 180 = 2*k. Suppose -k = -2*g + 108. What is the highest common factor of g and v?
19
Let f be 8/44 - (-260)/22. Suppose 0 = 3*l - a - 182, 126 = -2*l + 4*l - 3*a. Calculate the greatest common factor of f and l.
12
Suppose 0 = -3*o + 12 - 6. Suppose -o*t = -3*t - 3*y + 15, -4*t + 5*y = -9. Calculate the greatest common divisor of t and 42.
6
Suppose -17*c = -13*c - 212. Suppose -c = -3*z - 5. Calculate the highest common factor of 16 and z.
16
Let b be (-72)/16*16/(-6). Let d be (24 - b) + 0/1. What is the greatest common factor of 6 and d?
6
Suppose o + 24 = 148. Let b be o - 0/(2/(-2)). Sup